et y(b) = 6*s(b) - z(b). Determine y(d).
-2
Suppose -3*z - 14 = -20. Let t(c) = -1 + c - z*c**2 - c**2 + 3*c**2 + 3*c**2. Suppose 0 = -5*q + 2 + 3. What is t(q)?
3
Let a(y) = y**3 - 3*y**2 - y - 4. Let b be a(3). Let u = b - 1. Let r be 2/4 + (-36)/u. Let p(k) = k. Calculate p(r).
5
Let k(s) = -s**3 - s**2 + s. Suppose 3*n + 3*g + 3 = 0, 0*n + g = -2*n - 1. Calculate k(n).
0
Let v(k) be the third derivative of k**8/10080 + k**7/1260 + k**6/240 - k**5/20 - k**2. Let b(g) be the third derivative of v(g). Calculate b(-2).
3
Let c(g) be the third derivative of -g**6/144 + g**5/120 - g**4/24 + 2*g**2. Let p(r) be the second derivative of c(r). What is p(1)?
-4
Suppose -5*i + 21 = 71. Let z = 15 + i. Suppose -5*v = -g + 17, -12 = v + z*g + 7. Let s(y) = y**2 + 6*y. Determine s(v).
-8
Suppose -d = -5*d - 4, -3*q = 3*d + 33. Let g = -6 - q. Let x(s) = 4*s**2 - 5 + 4*s**3 - 5*s**3 + 0*s**3. Determine x(g).
-5
Let r(w) = 4*w**2 - 1. Let o(q) = -5*q**2 + q + 2. Let j(x) = 2*o(x) + 3*r(x). Calculate j(-1).
1
Let w(s) = 6*s**2 - 5*s - 1 + 2 - 4*s**2 - 3*s**2. Let c be w(-6). Let h(v) = -v**3 - 5*v**2 - 2*v + 6. Calculate h(c).
16
Let u(o) = -o + 2*o + 6 + 5*o**2 - 4 + o**3. Let m(x) = -x - 1. Let a be m(4). Give u(a).
-3
Let q be (-99)/(-4) + 2/8. Suppose j + 4*j = q. Let u(t) = 11*t - 15. Let o(s) = 6*s - 8. Let i(d) = -5*o(d) + 3*u(d). Determine i(j).
10
Let h = 0 - -2. Let v(m) = -5 + m**h + 3 + 1. Give v(3).
8
Let y(x) = -1. Let w(v) = v. Let b(a) = w(a) - 3*y(a). Suppose -5*r = 4*p + 45, -2*r + 2*p = -7*r - 35. What is b(r)?
-2
Let j(y) be the first derivative of y**2 - 6*y + 11. Calculate j(4).
2
Suppose g - p = -2 - 12, 3*p - 18 = g. Let c(r) = r**2 + 13*r + 11. Let i be c(g). Let f(j) = 6*j**2 - 1. Calculate f(i).
5
Suppose -2*p = 5*r + 7, -5 = r - 2*p + 6. Let c(h) = h**2 + 4*h - 7. Let x(t) = 3*t**2 + 11*t - 20. Let u(a) = 8*c(a) - 3*x(a). Determine u(r).
-2
Suppose 206*t + 3 = 205*t. Let x(q) be the third derivative of 5*q**4/24 + q**3/3 - q**2. Determine x(t).
-13
Let g(d) = 2*d. Suppose 15 - 1 = 7*x. What is g(x)?
4
Let w = 42 - 28. Let g(d) = 3*d - w*d - 2 - d**3 - 6*d**2 + 5*d. Determine g(-5).
3
Let c = -5 + 12. Suppose 3*a - c*a = 24. Let b(t) = t + 1. Give b(a).
-5
Suppose 2*s + 17 = 3. Let x = s - -4. Let n(p) = -p**2 - 7*p - 2. Give n(x).
10
Suppose -17 = -5*d - w, -4*d = -7*w + 2*w - 31. Suppose -5*c + 5 = 4*u, 0*c = u - 4*c + 4. Let p(g) = -3*g**2 + u + 2*g**2 + 2*g + 3. Determine p(d).
-5
Let d(s) = 2 + 4*s + 1 + 3 - 5. Let t be 0 - (-1)/(4 - 3). Let c be (2*t/(-1))/2. Calculate d(c).
-3
Let n(c) = -c**3 - 5*c**2 - 6*c - 2. Let w(x) = -x**3 - 6*x**2 - 2*x - 6. Let g be w(-6). Suppose g*f + 20 = f. Give n(f).
6
Let g(i) = -7*i**3 + i. Let j(f) = 2*f**2 - f - 1. Let c be j(-1). Suppose -2*u - 2 = -2*h, u - 4*h + c*h + 1 = 0. Determine g(u).
6
Let f(v) = -28 + 18 + 2*v + 7. Determine f(-3).
-9
Let h(p) = 3*p - 2. Let g(f) = -5*f + 3. Let c(t) = -4*g(t) - 7*h(t). Let l(x) = -1. Let d(s) = c(s) + 2*l(s). Determine d(-4).
4
Let p(y) be the first derivative of -y**3/3 - 2*y**2 + 4*y + 15. Give p(-4).
4
Let j(l) be the second derivative of l**5/20 + l**4/2 - l**3/6 - 3*l**2/2 + 5*l. Determine j(-6).
3
Let w(b) = 2*b**3 + 2*b**2 + 7*b - 2. Suppose 0 = -s - 2*s - 18. Let m(v) = v**3 + v**2 + 4*v - 1. Let y(f) = s*w(f) + 11*m(f). Give y(-1).
-1
Let a(m) be the second derivative of -m**7/420 - m**6/720 + m**5/120 + m**4/4 + 2*m. Let p(y) be the third derivative of a(y). Calculate p(1).
-6
Let h be (-12)/(-7) - (-2)/7. Let f(l) = 4*l**h + 2 - 6*l**2 + 3*l**2. Let v be 1 + (-222)/78 - (-2)/(-13). Determine f(v).
6
Let m(s) = -5*s - 12. Suppose -2*c = -18 - 16. Let b be (-3)/5 + 66/10. Let d(y) = 14*y + 35. Let q(r) = b*d(r) + c*m(r). What is q(5)?
1
Suppose -40 = -4*r + 40. Suppose -3*n + r = 8. Suppose 0 = -2*l - 2*o - 2*o - 18, -n*l - o = 22. Let g(x) = x. Calculate g(l).
-5
Suppose -c - c = -62. Let u = c + -22. Let m(k) = -k**3 + k**2 - 3*k + k - u + k. What is m(0)?
-9
Let o(m) = -5*m**2 + 5*m - 3. Let r(i) = i**2. Let a(c) = o(c) + 3*r(c). Calculate a(3).
-6
Suppose -15 = -4*l - 4*q + 13, 4 = -2*l + 4*q. Let g = l + -2. Let v(d) = -3*d**g + 4 - 2 - d**3 - 6 + 3. Give v(-3).
-1
Let j(q) = -5*q - 2*q + 4*q + 4. What is j(-3)?
13
Let i(h) = -6 - 2*h - 2*h + h**2 + 5*h. What is i(0)?
-6
Let z be -1 + -5 - (1 + -2). Let p = -9 - z. Let r(f) = 11*f - f**3 + 18*f - 25*f - 3*f**2 + 2. Give r(p).
2
Let a = 26 + -29. Let l(r) = r + r**3 - 3 - 2*r**2 + 6*r**2 + 1. Calculate l(a).
4
Let w(b) = 4*b**3 - 2*b + 3*b**2 + 4 - 3*b**3 + 0*b**2. Suppose -x = -s - 2 + 1, s - 8 = 4*x. Give w(x).
10
Let u(b) be the first derivative of b**2 + 4*b - 1. Suppose 0 = -t - 3*l + 10, -4*t - 4*l + 54 = -6*l. Let w = -18 + t. What is u(w)?
-6
Suppose -3*y + 6 + 0 = 0. Let b(n) = n**3 - 4*n**2 + 4*n - 2. Give b(y).
-2
Suppose 5*h - 7*h = -4. Let c(q) = -5*q + 1. Determine c(h).
-9
Let r(q) = q**3 + 4*q**2 - 7*q - 2. Suppose 2*m + 4 = 0, -m + 32 = b + 3*m. Suppose 0 = -3*o + 3*s, -4*o + 0*s - b = 4*s. What is r(o)?
8
Let p = -9 + 11. Let c = 6 - p. Let n(f) = 5*f**3 + 4*f**2 - 6*f - 5. Let d(m) = -11*m**3 - 8*m**2 + 13*m + 10. Let r(i) = -6*d(i) - 13*n(i). Determine r(c).
5
Let i(k) = 4*k**2 + 7*k - 7. Let s(x) = -x**2. Let j(a) = i(a) + 5*s(a). Let o(y) = y**2 + 5*y. Let q be o(-6). Determine j(q).
-1
Suppose -4*g + 2*g + 4*d = 4, 2*d = 6. Let p(j) = -2*j + 4. Give p(g).
-4
Let d(o) = 1 + 17*o**3 + 3*o**2 + o - 6*o**2 - 18*o**3 + 2*o**2. Suppose 3*m = m - 2. Give d(m).
0
Let m(t) = t**2 - 1. Let g(f) = -3*f**2 - 11*f + 13. Let w(k) = g(k) + 4*m(k). Calculate w(9).
-9
Let t be (0 - -5)/(1/2). Let m be 2/5 - 14/t. Let n(b) be the first derivative of -b**2/2 + b - 4. Give n(m).
2
Let t = 6 - 3. Suppose 0 + 6 = t*q. Suppose q*k = 4*k. Let v(r) = -r**2 + 5. Give v(k).
5
Let l(h) be the first derivative of h**3/3 - h**2/2 - 3*h + 3. Let t be (-92)/6 - 4/(-12). Let n be (-34)/(-10) + 6/t. Give l(n).
3
Let z(r) = r**3 - 3*r**2 - 3*r - 2. Let s be 6/7*14/3. What is z(s)?
2
Let i be (-6)/4 + (-9)/(-6). Suppose h - 8 = -c, i*h = 2*c - 4*h + 14. Let x(m) = -m**2 + m + 3. Give x(c).
-3
Let z = 4 + -3. Let l(y) = -6*y**2 + 3. Let t(d) = -24*d**2 + 13. Let h(k) = -9*l(k) + 2*t(k). Calculate h(z).
5
Let s(c) = c**3 - 5*c**2 + 5*c - 2. Let a = -10 - -13. Calculate s(a).
-5
Let r(s) be the second derivative of -s**3/2 + s**2/2 + 10*s. What is r(1)?
-2
Let f(d) = -d**3 + 4*d**2 + 5*d + 2. Let c be (-70)/6 + (-5)/15. Let a = c + 17. Give f(a).
2
Suppose 2 = -11*y + 12*y. Let w(n) = -1 + 9*n**2 + 2 + n**2 + y*n - 2*n**2. Give w(-1).
7
Let h = 13/186 - -3/31. Let w(y) be the second derivative of 0 + 2*y**2 - h*y**3 - 3*y. Give w(5).
-1
Let t(b) = -b**2 + b + 1. Suppose 7*z - 20 = 3*z. Let n be ((-2 + 2)/(-2))/(-1). Suppose -10 = -z*d - n*d. Determine t(d).
-1
Let t(v) be the first derivative of -v**3/3 - 5*v**2/2 + v - 7. Calculate t(-6).
-5
Let x(r) be the first derivative of -r**4/4 - 5*r**3/3 - 2*r**2 + 2*r - 18. Determine x(-4).
2
Let w(d) be the first derivative of -d**2/2 + 4*d - 18. Calculate w(0).
4
Let s be (24/6)/(-1 - 0). Suppose -3*q = -q - 4. Let t(j) = -j**q + 3 - 6 + 2 - 4*j. Give t(s).
-1
Let s(n) = -n**3 - n**2 + n - 1. Let q(y) be the first derivative of -y**4/4 - 8*y**3/3 - 7*y**2/2 + 6. Let x be q(-7). Give s(x).
-1
Let x(g) be the second derivative of g**3/6 - 5*g**2/2 + 39*g. Calculate x(7).
2
Let f(c) = c - 1. Let o be 0/((-3)/((-9)/6)). Suppose o = 3*b - 4*h + 25, 2*h = -4*b + 4*h - 20. Calculate f(b).
-4
Let j(r) = -3*r**2. Let p be j(1). Let f(x) = -10*x + 10. Let c(w) = -9*w + 9. Let u(l) = 7*c(l) - 6*f(l). What is u(p)?
12
Let g(n) = n - 8. Let b(w) = 1. Let l(r) = -6*b(r) + g(r). Give l(11).
-3
Suppose 3*y - 7 = z, 6*y = 2*z + 2*y + 6. Let l(v) = v**2 - 5*v + 2. Determine l(z).
2
Let y(m) = -m**3 - 4*m**2 + 7*m + 7. Suppose 3*o - 4*o - 5 = 0. Give y(o).
-3
Let n(z) be the third derivative of z**5/60 - z**4/12 - 20*z**2. Calculate n(3).
3
Let f be 2/4*6*1. Let h(r) = r**3 + 0*r + r**2 + f*r**2 - 4*r + 3. Suppose 7*s - 10 = 9*s. Calculate h(s).
-2
Let c(x) = x - 7. Let o(u) = -u - 2. Suppose 8 = 4*m, -20 = 5*i - 7*m + 2*m. Let w be o(i). What is c(w)?
-7
Let k(q) = -3*q. Let s(w) be the third derivative of w**4/12 + 2*w**3 + 5*w**2. Let g be s(-8). Determine k(g).